y 81.
28
What is the remainder when 1460 is divided by 561?
338
Calculate the remainder when 199945 is divided by 5554.
1
What is the remainder when 6557 is divided by 1634?
21
What is the remainder when 5147 is divided by 147?
2
What is the remainder when 501630 is divided by 99?
96
What is the remainder when 781 is divided by 38?
21
Calculate the remainder when 3411 is divided by 110.
1
What is the remainder when 1228012 is divided by 94?
90
What is the remainder when 10118 is divided by 11?
9
Calculate the remainder when 57466 is divided by 182.
136
Calculate the remainder when 32991 is divided by 78.
75
Calculate the remainder when 300363 is divided by 666.
663
Calculate the remainder when 78753 is divided by 386.
9
What is the remainder when 26938 is divided by 795?
703
What is the remainder when 329246 is divided by 22?
16
Calculate the remainder when 53867 is divided by 13441.
103
Calculate the remainder when 24544 is divided by 167.
162
Calculate the remainder when 9992 is divided by 53.
28
What is the remainder when 995 is divided by 58?
9
What is the remainder when 795 is divided by 258?
21
What is the remainder when 3062 is divided by 266?
136
Calculate the remainder when 454543 is divided by 56.
47
Calculate the remainder when 357 is divided by 66.
27
What is the remainder when 96934 is divided by 6922?
26
Calculate the remainder when 350950 is divided by 99.
94
Calculate the remainder when 1388 is divided by 687.
14
What is the remainder when 1749886 is divided by 144?
142
Calculate the remainder when 333606 is divided by 183.
180
Calculate the remainder when 21706 is divided by 572.
542
What is the remainder when 12984 is divided by 50?
34
Calculate the remainder when 8850 is divided by 41.
35
What is the remainder when 17540 is divided by 53?
50
Calculate the remainder when 111620 is divided by 119.
117
What is the remainder when 19025 is divided by 227?
184
Calculate the remainder when 349995 is divided by 22.
19
What is the remainder when 17182 is divided by 292?
246
Calculate the remainder when 13666 is divided by 391.
372
What is the remainder when 2476 is divided by 2456?
20
What is the remainder when 1954 is divided by 24?
10
Calculate the remainder when 3753 is divided by 463.
49
Calculate the remainder when 2696 is divided by 432.
104
What is the remainder when 1964 is divided by 125?
89
Calculate the remainder when 58456 is divided by 219.
202
What is the remainder when 9710 is divided by 1462?
938
What is the remainder when 88074 is divided by 94?
90
Calculate the remainder when 458446 is divided by 265.
261
What is the remainder when 207 is divided by 21?
18
Calculate the remainder when 1117337 is divided by 146.
145
Calculate the remainder when 7195 is divided by 147.
139
What is the remainder when 1919 is divided by 323?
304
What is the remainder when 462 is divided by 460?
2
Calculate the remainder when 7124 is divided by 75.
74
What is the remainder when 13239 is divided by 241?
225
Calculate the remainder when 1367 is divided by 44.
3
Calculate the remainder when 175197 is divided by 58397.
6
What is the remainder when 104850 is divided by 23?
16
What is the remainder when 857 is divided by 77?
10
Calculate the remainder when 87559 is divided by 87557.
2
What is the remainder when 347223 is divided by 43?
41
Calculate the remainder when 16736 is divided by 62.
58
What is the remainder when 41213 is divided by 1031?
1004
Calculate the remainder when 87767 is divided by 477.
476
Calculate the remainder when 23618 is divided by 1386.
56
What is the remainder when 906 is divided by 207?
78
Calculate the remainder when 19521 is divided by 9113.
1295
What is the remainder when 81174 is divided by 25?
24
What is the remainder when 2339 is divided by 255?
44
Calculate the remainder when 3976 is divided by 568.
0
Calculate the remainder when 22551 is divided by 114.
93
Calculate the remainder when 107011 is divided by 35665.
16
What is the remainder when 83129 is divided by 394?
389
Calculate the remainder when 197336 is divided by 345.
341
What is the remainder when 357069 is divided by 173?
170
What is the remainder when 25528 is divided by 419?
388
Calculate the remainder when 22881 is divided by 67.
34
Calculate the remainder when 13763 is divided by 281.
275
What is the remainder when 141968 is divided by 210?
8
Calculate the remainder when 8507 is divided by 1835.
1167
Calculate the remainder when 2476 is divided by 81.
46
Calculate the remainder when 23001 is divided by 217.
216
What is the remainder when 5197 is divided by 425?
97
What is the remainder when 2993 is divided by 2790?
203
What is the remainder when 3413 is divided by 202?
181
Calculate the remainder when 61924 is divided by 61920.
4
What is the remainder when 22352 is divided by 207?
203
What is the remainder when 94332 is divided by 23583?
0
Calculate the remainder when 5601 is divided by 5585.
16
Calculate the remainder when 11035 is divided by 313.
80
Calculate the remainder when 4526 is divided by 901.
21
What is the remainder when 25106 is divided by 8351?
53
Calculate the remainder when 91743 is divided by 94.
93
What is the remainder when 8692 is divided by 790?
2
Calculate the remainder when 131034 is divided by 31.
28
Calculate the remainder when 6040970 is divided by 28.
26
Calculate the remainder when 29502 is divided by 16.
14
Calculate the remainder when 1539 is divided by 533.
473
What is the remainder when 1075898 is divided by 191?
186
Calculate the remainder when 34412 is divided by 5734.
8
What is the remainder when 1301 is divided by 49?
27
What is the remainder when 6820 is divided by 41?
14
Calculate the remainder when 3241 is divided by 217.
203
Calculate the remainder when 12010811 is divided by 58.
55
Calculate the remainder when 31573 is divided by 33.
25
What is the remainder when 1328 is divided by 43?
38
Calculate the remainder when 2328 is divided by 145.
8
Calculate the remainder when 6098 is divided by 435.
8
What is the remainder when 1807 is divided by 27?
25
What is the remainder when 1962 is divided by 359?
167
Calculate the remainder when 126220 is divided by 21035.
10
What is the remainder when 4346 is divided by 273?
251
What is the remainder when 977 is divided by 265?
182
What is the remainder when 5574 is divided by 259?
135
Calculate the remainder when 2276 is divided by 95.
91
Calculate the remainder when 78651 is divided by 566.
543
Calculate the remainder when 2152 is divided by 4.
0
What is the remainder when 3169276 is divided by 80?
76
What is the remainder when 3049 is divided by 412?
165
What is the remainder when 21026 is divided by 549?
164
What is the remainder when 9670 is divided by 963?
40
Calculate the remainder when 4735 is divided by 4701.
34
Calculate the remainder when 38384 is divided by 914.
910
What is the remainder when 128696 is divided by 196?
120
Calculate the remainder when 4897 is divided by 44.
13
Calculate the remainder when 1293 is divided by 766.
527
Calculate the remainder when 651 is divided by 642.
9
What is the remainder when 17851 is divided by 36?
31
Calculate the remainder when 5380 is divided by 110.
100
Calculate the remainder when 258440 is divided by 28713.
23
Calculate the remainder when 1262 is divided by 222.
152
What is the remainder when 14757 is divided by 14?
1
Calculate the remainder when 139615 is divided by 44.
3
Calculate the remainder when 26315 is divided by 123.
116
Calculate the remainder when 66029 is divided by 10.
9
What is the remainder when 415494 is divided by 79?
33
What is the remainder when 13930 is divided by 63?
7
What is the remainder when 6324 is divided by 3133?
58
Calculate the remainder when 16788 is divided by 803.
728
Calculate the remainder when 164 is divided by 43.
35
Calculate the remainder when 211008 is divided by 1486.
1482
Calculate the remainder when 16817 is divided by 70.
17
What is the remainder when 1397 is divided by 135?
47
Calculate the remainder when 2825 is divided by 130.
95
What is the remainder when 72485 is divided by 9?
8
What is the remainder when 7568438 is divided by 440?
438
What is the remainder when 7441 is divided by 35?
21
What is the remainder when 68324 is divided by 43?
40
What is the remainder w